f 112487?
197, 571
List the prime factors of 15483516.
2, 3, 1290293
What are the prime factors of 61387?
17, 23, 157
List the prime factors of 219562.
2, 7, 15683
List the prime factors of 938856.
2, 3, 39119
What are the prime factors of 69134?
2, 13, 2659
What are the prime factors of 5782622?
2, 73, 39607
What are the prime factors of 325089?
3, 41, 881
What are the prime factors of 71694?
2, 3, 7, 569
List the prime factors of 844549.
844549
What are the prime factors of 7067939?
7067939
List the prime factors of 303173.
13, 23321
What are the prime factors of 403112?
2, 41, 1229
List the prime factors of 9090714.
2, 3, 1515119
What are the prime factors of 49337?
103, 479
List the prime factors of 589767.
3, 73, 2693
What are the prime factors of 825553?
825553
What are the prime factors of 1245773?
19, 173, 379
What are the prime factors of 208204?
2, 52051
What are the prime factors of 586832?
2, 36677
What are the prime factors of 194130?
2, 3, 5, 719
List the prime factors of 169803.
3, 19, 331
What are the prime factors of 699558?
2, 3, 116593
What are the prime factors of 1734205?
5, 11, 31531
List the prime factors of 3267876.
2, 3, 17, 83, 193
List the prime factors of 427171.
109, 3919
List the prime factors of 7460859.
3, 7, 29, 12251
List the prime factors of 736934.
2, 11, 19, 41, 43
List the prime factors of 2695360.
2, 5, 8423
List the prime factors of 5150322.
2, 3, 286129
List the prime factors of 2459620.
2, 5, 23, 5347
List the prime factors of 206564.
2, 113, 457
List the prime factors of 380741.
19, 29, 691
List the prime factors of 43847.
163, 269
List the prime factors of 685045.
5, 19, 7211
List the prime factors of 380064.
2, 3, 37, 107
What are the prime factors of 396599?
7, 53, 1069
List the prime factors of 276306.
2, 3, 46051
List the prime factors of 960331.
960331
What are the prime factors of 2552169?
3, 101, 8423
What are the prime factors of 249309?
3, 27701
What are the prime factors of 62468?
2, 7, 23, 97
What are the prime factors of 267354?
2, 3, 4951
What are the prime factors of 195521?
43, 4547
What are the prime factors of 398879?
13, 61, 503
What are the prime factors of 199468?
2, 47, 1061
What are the prime factors of 907022?
2, 19, 23869
List the prime factors of 237289.
13, 18253
List the prime factors of 10313129.
10313129
List the prime factors of 204660.
2, 3, 5, 379
What are the prime factors of 2078709?
3, 17, 40759
List the prime factors of 972835.
5, 103, 1889
List the prime factors of 11710286.
2, 7, 836449
List the prime factors of 5411090.
2, 5, 617, 877
List the prime factors of 6228074.
2, 313, 9949
What are the prime factors of 73700?
2, 5, 11, 67
List the prime factors of 7786465.
5, 37, 42089
List the prime factors of 416550.
2, 3, 5, 2777
List the prime factors of 975023.
7, 19, 7331
List the prime factors of 1281519.
3, 142391
What are the prime factors of 3701405?
5, 131, 5651
List the prime factors of 25046206.
2, 47, 266449
List the prime factors of 1626374.
2, 269, 3023
What are the prime factors of 2207465?
5, 13, 33961
List the prime factors of 16034.
2, 8017
What are the prime factors of 139010?
2, 5, 13901
List the prime factors of 6179454.
2, 3, 343303
What are the prime factors of 308636?
2, 19, 31, 131
What are the prime factors of 178019?
67, 2657
List the prime factors of 1355411.
929, 1459
What are the prime factors of 2891?
7, 59
What are the prime factors of 2003?
2003
List the prime factors of 79357.
79357
What are the prime factors of 35279865?
3, 5, 19, 41263
What are the prime factors of 6971619?
3, 2323873
List the prime factors of 152191.
13, 23, 509
List the prime factors of 96886.
2, 193, 251
List the prime factors of 3870784.
2, 31, 1951
List the prime factors of 574016.
2, 8969
List the prime factors of 861850.
2, 5, 11, 1567
List the prime factors of 8871824.
2, 13, 17, 193
What are the prime factors of 4230850?
2, 5, 13, 23, 283
List the prime factors of 1482485.
5, 17, 107, 163
What are the prime factors of 2709749?
7, 17, 3253
List the prime factors of 3339026.
2, 1669513
List the prime factors of 8955580.
2, 5, 447779
List the prime factors of 1790353.
1790353
List the prime factors of 178521.
3, 7, 8501
What are the prime factors of 705457?
197, 3581
What are the prime factors of 20298224?
2, 643, 1973
What are the prime factors of 3247699?
7, 13, 89, 401
List the prime factors of 11134925.
5, 419, 1063
List the prime factors of 1539237.
3, 7, 37, 283
What are the prime factors of 115038?
2, 3, 7, 11, 83
List the prime factors of 7190828.
2, 53, 107, 317
List the prime factors of 83675.
5, 3347
List the prime factors of 632819.
11, 57529
What are the prime factors of 415289?
7, 41, 1447
What are the prime factors of 2184658?
2, 7, 19, 43, 191
List the prime factors of 30849.
3, 7, 13, 113
What are the prime factors of 3699066?
2, 3, 7, 29, 3037
List the prime factors of 1663.
1663
List the prime factors of 32369388.
2, 3, 19, 141971
What are the prime factors of 393329?
17, 1361
List the prime factors of 706756.
2, 109, 1621
What are the prime factors of 593082?
2, 3, 7, 523
List the prime factors of 4034262.
2, 3, 672377
What are the prime factors of 1743372?
2, 3, 79, 613
What are the prime factors of 5471747?
163, 33569
What are the prime factors of 2380050?
2, 3, 5, 41, 43
List the prime factors of 2441534.
2, 317, 3851
What are the prime factors of 4679186?
2, 863, 2711
List the prime factors of 18796883.
7, 17, 191, 827
List the prime factors of 98653.
47, 2099
What are the prime factors of 2818581?
3, 23, 40849
List the prime factors of 3336744.
2, 3, 41, 3391
What are the prime factors of 1395040?
2, 5, 8719
What are the prime factors of 1239769?
19, 23, 2837
List the prime factors of 405219.
3, 293, 461
What are the prime factors of 29973488?
2, 19, 98597
What are the prime factors of 345228?
2, 3, 13, 2213
List the prime factors of 174932.
2, 101, 433
List the prime factors of 3452098.
2, 13, 31, 4283
What are the prime factors of 7339474?
2, 89, 41233
What are the prime factors of 13935707?
13935707
List the prime factors of 941941.
7, 11, 13, 941
List the prime factors of 161330.
2, 5, 13, 17, 73
What are the prime factors of 1429778?
2, 7, 73, 1399
List the prime factors of 403601.
11, 36691
What are the prime factors of 30436751?
23, 1323337
What are the prime factors of 16370265?
3, 5, 61, 17891
What are the prime factors of 131241?
3, 11, 41, 97
What are the prime factors of 785400?
2, 3, 5, 7, 11, 17
What are the prime factors of 2066693?
2066693
What are the prime factors of 10618914?
2, 3, 17, 104107
What are the prime factors of 87875?
5, 19, 37
What are the prime factors of 16811534?
2, 599, 14033
List the prime factors of 1404976.
2, 87811
List the prime factors of 14623881.
3, 571, 8537
What are the prime factors of 569474?
2, 284737
What are the prime factors of 10585429?
691, 15319
List the prime factors of 12645763.
13, 74827
What are the prime factors of 109678?
2, 29, 31, 61
List the prime factors of 697349.
541, 1289
What are the prime factors of 449365?
5, 7, 37, 347
What are the prime factors of 12705700?
2, 5, 7, 2593
List the prime factors of 519771.
3, 7, 53, 467
List the prime factors of 15841.
7, 31, 73
What are the prime factors of 2236769?
2236769
What are the prime factors of 198949?
19, 37, 283
What are the prime factors of 2780489?
149, 18661
List the prime factors of 869794.
2, 67, 6491
List the prime factors of 340574.
2, 13, 13099
What are the prime factors of 482864?
2, 103, 293
What are the prime factors of 338746?
2, 169373
What are the prime factors of 791512?
2, 98939
List the prime factors of 257121.
3, 89, 107
What are the prime factors of 8665?
5, 1733
List the prime factors of 1054464.
2, 3, 1373
What are the prime factors of 312707?
29, 41, 263
List the prime factors of 209049.
3, 17, 4099
List the prime factors of 9089842.
2, 4544921
List the prime factors of 37091.
29, 1279
What are the prime factors of 25994918?
2, 307, 42337
List the prime factors of 560188.
2, 23, 6089
List the prime factors of 893527.
23, 53, 733
List the prime factors of 143688.
2, 3, 5987
List the prime factors of 8775313.
29, 302597
List the prime factors of 3759178.
2, 1879589
What are the prime factors of 23